2945?
-812949
In base 3, what is 120220010 - 10020102?
110122201
In base 15, what is 7 + 3e962?
3e969
In base 10, what is 2177353 - 10?
2177343
In base 7, what is 6110366326 - 2?
6110366324
In base 5, what is -1203032 + -2414?
-1211001
In base 13, what is -1b2 - 46a79a?
-46a97c
In base 9, what is -82 + -2335118?
-2335211
In base 10, what is 1602264 + -11?
1602253
In base 13, what is 8478135c + 4?
84781363
In base 8, what is -17010 - -1611?
-15177
In base 14, what is -721 + 2480?
1b5d
In base 4, what is 22 - 231110021132?
-231110021110
In base 3, what is 1220012110 + -200202?
1212111201
In base 15, what is -4a8be4 + -1?
-4a8be5
In base 14, what is -2 - 13b95cc2?
-13b95cc4
In base 9, what is 11417455 - -10?
11417465
In base 4, what is 211333302131 + -110?
211333302021
In base 2, what is 1100110100001 - 100010?
1100101111111
In base 13, what is 269b71 + 7?
269b78
In base 2, what is 1 - 100111100100110001111011101?
-100111100100110001111011100
In base 2, what is -1101010 + -100101000010110101?
-100101000100011111
In base 16, what is -2eb6c245 + -5?
-2eb6c24a
In base 16, what is -1baf09 + d?
-1baefc
In base 11, what is -34 - -395406?
395382
In base 4, what is -2112 - 12121002?
-12123120
In base 16, what is 58b + -20a?
381
In base 5, what is -11 - -3132342312?
3132342301
In base 10, what is 3422662 - 39?
3422623
In base 6, what is -420 + 12530012?
12525152
In base 16, what is -5 + 441d27a?
441d275
In base 10, what is 564003 + 14?
564017
In base 10, what is 3 - -71860427?
71860430
In base 12, what is 92bb - 23745?
-16446
In base 13, what is 3 + -125c9612?
-125c960c
In base 3, what is 201220201102100 - 112?
201220201101211
In base 2, what is -111000111011011110010001 + -100?
-111000111011011110010101
In base 16, what is -3 + 75cfba4?
75cfba1
In base 7, what is -1 + -10614106?
-10614110
In base 14, what is -272d212 - 21?
-272d233
In base 6, what is -14 + 30512053?
30512035
In base 3, what is 1220 + 20021000121?
20021002111
In base 3, what is 12101120 + -11020?
12020100
In base 14, what is 0 + 1301c930?
1301c930
In base 3, what is -1220112200 + 22110?
-1220020020
In base 9, what is 1571246 + 16?
1571263
In base 9, what is 13028 - -27?
13056
In base 2, what is -101 - 1010100001101010000111?
-1010100001101010001100
In base 2, what is 101110101001011 - -100110000100000?
1010100101101011
In base 5, what is -4110 + -41143?
-100303
In base 8, what is -3 + 252330506?
252330503
In base 2, what is 110010 + -1010111101010111001?
-1010111101010000111
In base 13, what is a7201 + -5?
a71c9
In base 5, what is -14014 - -14331211?
14312142
In base 3, what is -21112 + 201220120110?
201220021221
In base 10, what is -4 + 39555988?
39555984
In base 6, what is 44 - 53032243?
-53032155
In base 5, what is -3141200 - -32322?
-3103323
In base 2, what is -110110111110111 + -10011110001110?
-1001010110000101
In base 7, what is 22515 - 20662?
1523
In base 16, what is -8 + -395?
-39d
In base 11, what is -5aa48 - -105?
-5a943
In base 12, what is 117a - -11?
118b
In base 10, what is 4669 + 58680?
63349
In base 9, what is 1 - -50307175?
50307176
In base 3, what is -2022100 - -11110001221?
11100202121
In base 8, what is 4313146 - 5?
4313141
In base 8, what is 5744543 - 1471?
5743052
In base 8, what is -60154 - -35111?
-23043
In base 6, what is 5 + 4405503540?
4405503545
In base 4, what is -20200323 + 1030?
-20133233
In base 13, what is 3 + 172c616?
172c619
In base 14, what is -87d - -a5b6?
9b37
In base 6, what is 1101300330 + 5?
1101300335
In base 9, what is -21236 + 153?
-21073
In base 5, what is -110414321000 - 3?
-110414321003
In base 2, what is 1110010100111111000111 - -100?
1110010100111111001011
In base 16, what is -6a7 - -a1148?
a0aa1
In base 7, what is -114 - -421112?
420665
In base 14, what is d342b8d + 0?
d342b8d
In base 9, what is 51401 - -604?
52105
In base 5, what is 1100 - -2022213?
2023313
In base 15, what is 67c74 - -7e2?
68566
In base 14, what is -5360 - 3aa?
-572a
In base 14, what is -1830c42c - -2?
-1830c42a
In base 10, what is -4 - 53508072?
-53508076
In base 8, what is -234 + 145605?
145351
In base 9, what is -857 - 678173?
-680141
In base 16, what is 4111 + 77c?
488d
In base 16, what is -67a098 - 1a?
-67a0b2
In base 11, what is 326a - 243?
3027
In base 13, what is -84c492 - 42?
-84c504
In base 9, what is -1002828 - 2?
-1002831
In base 13, what is 1aa661 - 2?
1aa65c
In base 3, what is 211210 + -102002121002?
-102001202022
In base 7, what is -2063165 - -5?
-2063160
In base 8, what is 17743 - -1033?
20776
In base 15, what is -53 + -40ec7?
-4102a
In base 8, what is 0 - -50137316?
50137316
In base 8, what is -2655422 + 72?
-2655330
In base 12, what is 243b7 - 7a1?
23816
In base 10, what is -47 + 35452?
35405
In base 3, what is -1 + 10112111201012?
10112111201011
In base 11, what is -609293 + -7?
-60929a
In base 5, what is 143 + -12030223?
-12030030
In base 9, what is -18623 + 677?
-17835
In base 5, what is -1 + -14304141033?
-14304141034
In base 16, what is -28827df - 2?
-28827e1
In base 3, what is -2012 - -2010211221120?
2010211212101
In base 11, what is -7 - 455a6613?
-455a661a
In base 2, what is 110 - -1110101111010000001011011?
1110101111010000001100001
In base 14, what is -b9 - 399bc?
-39a97
In base 12, what is -1 + -20a78909?
-20a7890a
In base 9, what is 27384325 + -2?
27384323
In base 11, what is -103350 + -18?
-103368
In base 15, what is -5236a + -1320?
-5368a
In base 3, what is 210022012 + 1011002?
211110021
In base 12, what is 79237694 - -4?
79237698
In base 3, what is -1012021100 - 10122001?
-1022220101
In base 4, what is -1 - 21301121311023?
-21301121311030
In base 14, what is 13d082d - c?
13d0821
In base 2, what is 0 - -110011011011110010001?
110011011011110010001
In base 14, what is b7 + -1458d7?
-145820
In base 16, what is b4655 + -1ab?
b44aa
In base 13, what is 7 - 512524?
-51251a
In base 9, what is 12068 + -1013?
11055
In base 5, what is 20312 + 140323143?
140344010
In base 6, what is 322101452 - 144?
322101304
In base 7, what is 34 + 5516115?
5516152
In base 8, what is -204442 - 26?
-204470
In base 2, what is 10 - 101111001101110100?
-101111001101110010
In base 12, what is -159a828 + -1?
-159a829
In base 11, what is -445 + 204679?
204234
In base 12, what is -3 - 1b053028?
-1b05302b
In base 8, what is 25314335 + -1?
25314334
In base 9, what is -2 - -1228445?
1228443
In base 16, what is -561d + -3aa3?
-90c0
In base 9, what is -451341 - -274?
-451056
In base 10, what is -618300 - -9?
-618291
In base 11, what is a89 + 439?
1417
In base 5, what is 241 + 4224010?
4224301
In base 13, what is 28a68a - 32b?
28a35c
In base 6, what is 111454444 - -1044?
111455532
In base 3, what is -2210 + 12110111210?
12110102000
In base 9, what is -28 + -1317664?
-1317703
In base 10, what is 14 + 32888?
32902
In base 3, what is 22200022 + -20021002?
2102020
In base 2, what is 100000100110011 - -101100010100101?
1001100111011000
In base 10, what is -175715 + 28?
-175687
In base 11, what is 61a21 + -752?
6127a
In base 11, what is -84aa030 - 4?
-84aa034
In base 15, what is -2a460 - -29?
-2a436
In base 6, what is -34354 + 1332?
-33022
In base 12, what is 24a5a542 - 1?
24a5a541
In base 11, what is -4314 - 678?
-4991
In base 7, what is 210221 - -333?
210554
In base 6, what is -32 - 5401430?
-5401502
In base 7, what is -130 + 3523366?
3523236
In base 15, what is 4 + 36abc2d?
36abc32
In base 10, what is -2482028 + 3?
-2482025
In base 7, what is -304405312 + 6?
-304405303
In base 15, what is 3eeb8 - 29?
3ee8e
In base 14, what is -759 + 58da?
5181
In base 11, what is 241281 + -4?
241278
In base 13, what is -385 - c60?
-1315
In base 2, what is 11001001111 - -10000000010100101?
10000011011110100
In base 8, what is -1676743 + 1474?
-1675247
In base 16, what is 4046977 - -5?
404697c
In base 8, what is -6661566 + -626?
-6662414
In base 16, what is 2 - 636a9a6?
-636a9a4
In base 3, what is 111000 - -111211210220?
111212021220
In base 2, what is -1001110000101001101 - 11001000111?
-1001110011110010100
In base 10, what is 2027962 - -632?
2028594
In base 5, what is 432 - 12114032?
-12113100
In base 11, what is 225a1 - -123?
22714
In base 14, what is -1545a - 850?
-15caa
In base 6, what is -22 - -31020343?
31020321
In base 7, what is 33563266 - -111?
33563410
In base 11, what is 23 + -a476703